s digit of 4166727?
7
What is the millions digit of 1634246?
1
What is the tens digit of 22853865?
6
What is the millions digit of 2045912?
2
What is the ten thousands digit of 526420?
2
What is the thousands digit of 43772?
3
What is the hundreds digit of 1252549?
5
What is the units digit of 6746979?
9
What is the ten thousands digit of 9504458?
0
What is the units digit of 4249151?
1
What is the tens digit of 157429?
2
What is the hundreds digit of 29956?
9
What is the thousands digit of 227122?
7
What is the ten millions digit of 17133216?
1
What is the units digit of 796867?
7
What is the units digit of 1257743?
3
What is the hundreds digit of 255505?
5
What is the ten thousands digit of 363954?
6
What is the millions digit of 3028808?
3
What is the thousands digit of 6243672?
3
What is the tens digit of 215141?
4
What is the hundreds digit of 1041213?
2
What is the units digit of 14238930?
0
What is the hundred thousands digit of 196029?
1
What is the thousands digit of 21332186?
2
What is the hundred thousands digit of 628458?
6
What is the millions digit of 19069574?
9
What is the units digit of 413261?
1
What is the units digit of 879249?
9
What is the ten thousands digit of 2847467?
4
What is the units digit of 748069?
9
What is the units digit of 7456?
6
What is the hundred thousands digit of 1775741?
7
What is the tens digit of 368674?
7
What is the hundred thousands digit of 150454?
1
What is the tens digit of 14250870?
7
What is the hundred thousands digit of 389313?
3
What is the thousands digit of 24894749?
4
What is the ten thousands digit of 12953291?
5
What is the tens digit of 381050?
5
What is the tens digit of 286381?
8
What is the hundreds digit of 178825?
8
What is the units digit of 237167?
7
What is the thousands digit of 1821387?
1
What is the thousands digit of 681646?
1
What is the thousands digit of 163445?
3
What is the units digit of 21270445?
5
What is the ten thousands digit of 2621396?
2
What is the thousands digit of 8161276?
1
What is the thousands digit of 5667914?
7
What is the millions digit of 10035474?
0
What is the millions digit of 1594464?
1
What is the hundred thousands digit of 3137766?
1
What is the thousands digit of 341839?
1
What is the ten thousands digit of 7944452?
4
What is the hundreds digit of 426106?
1
What is the units digit of 662778?
8
What is the hundred thousands digit of 15783065?
7
What is the ten thousands digit of 228458?
2
What is the hundreds digit of 263906?
9
What is the ten thousands digit of 794571?
9
What is the thousands digit of 118280?
8
What is the hundreds digit of 966624?
6
What is the ten thousands digit of 552573?
5
What is the units digit of 648741?
1
What is the millions digit of 3993715?
3
What is the millions digit of 1143028?
1
What is the hundred thousands digit of 1345777?
3
What is the units digit of 1909649?
9
What is the units digit of 64229?
9
What is the tens digit of 1242030?
3
What is the hundred thousands digit of 881549?
8
What is the ten thousands digit of 24834077?
3
What is the ten thousands digit of 896561?
9
What is the hundred thousands digit of 784784?
7
What is the hundreds digit of 1153009?
0
What is the hundred thousands digit of 29060313?
0
What is the thousands digit of 432895?
2
What is the ten thousands digit of 200323?
0
What is the hundred thousands digit of 639207?
6
What is the thousands digit of 37241915?
1
What is the hundreds digit of 18672046?
0
What is the thousands digit of 3868809?
8
What is the hundreds digit of 5013208?
2
What is the hundreds digit of 318292?
2
What is the thousands digit of 15201253?
1
What is the tens digit of 1553116?
1
What is the millions digit of 2539851?
2
What is the tens digit of 10077493?
9
What is the hundreds digit of 10052982?
9
What is the tens digit of 6692136?
3
What is the hundred thousands digit of 4617274?
6
What is the thousands digit of 8626200?
6
What is the ten thousands digit of 442217?
4
What is the units digit of 716715?
5
What is the ten thousands digit of 85124?
8
What is the millions digit of 6246018?
6
What is the hundreds digit of 129123?
1
What is the thousands digit of 4184537?
4
What is the hundred thousands digit of 2976845?
9
What is the hundreds digit of 311855?
8
What is the hundred thousands digit of 8239093?
2
What is the thousands digit of 16119852?
9
What is the ten thousands digit of 6710531?
1
What is the units digit of 166943?
3
What is the thousands digit of 6573872?
3
What is the ten thousands digit of 571745?
7
What is the units digit of 5646906?
6
What is the millions digit of 2101565?
2
What is the ten thousands digit of 249146?
4
What is the tens digit of 1950116?
1
What is the thousands digit of 589658?
9
What is the ten thousands digit of 7138040?
3
What is the tens digit of 1244940?
4
What is the ten thousands digit of 65803?
6
What is the hundreds digit of 17502744?
7
What is the hundreds digit of 1193412?
4
What is the ten thousands digit of 229745?
2
What is the tens digit of 95220?
2
What is the ten thousands digit of 519550?
1
What is the ten thousands digit of 9388600?
8
What is the thousands digit of 10641?
0
What is the ten millions digit of 12066041?
1
What is the ten thousands digit of 366374?
6
What is the hundred thousands digit of 115957?
1
What is the tens digit of 297803?
0
What is the hundred thousands digit of 181400?
1
What is the units digit of 333366?
6
What is the tens digit of 4884208?
0
What is the units digit of 86140?
0
What is the ten thousands digit of 98775?
9
What is the hundreds digit of 2649703?
7
What is the tens digit of 4546982?
8
What is the units digit of 6143788?
8
What is the hundreds digit of 302526?
5
What is the thousands digit of 654332?
4
What is the thousands digit of 590630?
0
What is the ten thousands digit of 3671557?
7
What is the hundreds digit of 181132?
1
What is the ten thousands digit of 615303?
1
What is the thousands digit of 146397?
6
What is the hundred thousands digit of 394840?
3
What is the hundreds digit of 6679474?
4
What is the thousands digit of 4720812?
0
What is the tens digit of 186811?
1
What is the hundreds digit of 44829?
8
What is the ten thousands digit of 55506?
5
What is the hundred thousands digit of 1280049?
2
What is the thousands digit of 855226?
5
What is the ten thousands digit of 288770?
8
What is the ten millions digit of 12749795?
1
What is the hundreds digit of 23663715?
7
What is the units digit of 3789479?
9
What is the hundreds digit of 8602969?
9
What is the units digit of 187183?
3
What is the hundreds digit of 785898?
8
What is the ten thousands digit of 124900?
2
What is the hundreds digit of 277334?
3
What is the units digit of 239333?
3
What is the units digit of 3324455?
5
What is the hundreds digit of 2290592?
5
What is the hundreds digit of 7451249?
2
What is the hundreds digit of 3036758?
7
What is the hundred thousands digit of 156374?
1
What is the ten thousands digit of 22552?
2
What is the hundreds digit of 838189?
1
What is the tens digit of 22076643?
4
What is the hundreds digit of 2221529?
5
What is the tens digit of 5023182?
8
What is the ten millions digit of 18104851?
1
What is the ten thousands digit of 2385025?
8
What is the units digit of 4912923?
3
What is the ten millions digit of 14565470?
1
What is the hundreds digit of 160862?
8
What is the units digit of 5621711?
1
What is the hundred thousands digit of 745865?
7
What is the hundreds digit of 344485?
4
What is the hundreds digit of 1792635?
6
What is the tens digit of 42296?
9
What is the tens digit of 265487?
8
What is the ten thousands digit of 2711145?
1
What is the hundreds digit of 119614?
6
What is the thousands digit of 3003850?
3
What is the hundreds digit of 4808812?
8
What is the hundreds digit of 624654?
6
What is the units digit of 115855?
5
What is the millions digit of 7523724?
7
What is the thousands digit of 70071?
0
What is the millions digit of 33105668?
3
What is the thousands digit of 324174?
4
What is the hundreds digit of 7540953?
9
What is the tens digit of 299347?
4
What is the hundreds digit of 198933?
9
What is the ten thousands digit of 793664?
9
What is the units digit of 562179?
9
What is the hundreds digit of 536839?
8
What is the units digit of 132096?